{"id":198,"date":"2018-04-28T15:24:01","date_gmt":"2018-04-28T13:24:01","guid":{"rendered":"http:\/\/adamar-trio.de\/?page_id=198"},"modified":"2022-04-08T10:34:09","modified_gmt":"2022-04-08T08:34:09","slug":"198-2","status":"publish","type":"page","link":"https:\/\/adamar-trio.de\/","title":{"rendered":"Adamar-Trio"},"content":{"rendered":"\r\n<figure class=\"wp-block-image size-large\"><img decoding=\"async\" class=\"wp-image-558\" src=\"https:\/\/adamar-trio.de\/wp-content\/uploads\/2021\/04\/Startseite-1-1024x590.jpg\" alt=\"\" \/><\/figure>\r\n\r\n\r\n\r\n<p>Herzlich willkommen auf der Webseite des Adamar-Trios. Hier informieren wir \u00fcber unsere bisherige und zuk\u00fcnftige Konzertt\u00e4tigkeit.<\/p>\r\n","protected":false},"excerpt":{"rendered":"<p>Herzlich willkommen auf der Webseite des Adamar-Trios. Hier informieren wir \u00fcber unsere bisherige und zuk\u00fcnftige Konzertt\u00e4tigkeit.<\/p>\n","protected":false},"author":2,"featured_media":0,"parent":0,"menu_order":10,"comment_status":"closed","ping_status":"closed","template":"templates\/fullwidth-page.php","meta":{"footnotes":""},"class_list":["post-198","page","type-page","status-publish","hentry"],"_links":{"self":[{"href":"https:\/\/adamar-trio.de\/index.php?rest_route=\/wp\/v2\/pages\/198","targetHints":{"allow":["GET"]}}],"collection":[{"href":"https:\/\/adamar-trio.de\/index.php?rest_route=\/wp\/v2\/pages"}],"about":[{"href":"https:\/\/adamar-trio.de\/index.php?rest_route=\/wp\/v2\/types\/page"}],"author":[{"embeddable":true,"href":"https:\/\/adamar-trio.de\/index.php?rest_route=\/wp\/v2\/users\/2"}],"replies":[{"embeddable":true,"href":"https:\/\/adamar-trio.de\/index.php?rest_route=%2Fwp%2Fv2%2Fcomments&post=198"}],"version-history":[{"count":40,"href":"https:\/\/adamar-trio.de\/index.php?rest_route=\/wp\/v2\/pages\/198\/revisions"}],"predecessor-version":[{"id":606,"href":"https:\/\/adamar-trio.de\/index.php?rest_route=\/wp\/v2\/pages\/198\/revisions\/606"}],"wp:attachment":[{"href":"https:\/\/adamar-trio.de\/index.php?rest_route=%2Fwp%2Fv2%2Fmedia&parent=198"}],"curies":[{"name":"wp","href":"https:\/\/api.w.org\/{rel}","templated":true}]}}